71
What are the prime factors of 938015?
5, 13, 14431
List the prime factors of 1388366.
2, 7, 31, 457
What are the prime factors of 2101347?
3, 149, 1567
What are the prime factors of 104736?
2, 3, 1091
List the prime factors of 7660670.
2, 5, 766067
What are the prime factors of 568262?
2, 284131
List the prime factors of 5315053.
313, 16981
What are the prime factors of 5441044?
2, 7, 194323
What are the prime factors of 3127893?
3, 1042631
List the prime factors of 124327.
7, 17761
What are the prime factors of 13307789?
11, 677, 1787
What are the prime factors of 1208329?
97, 12457
List the prime factors of 2191295.
5, 438259
What are the prime factors of 491061?
3, 191, 857
What are the prime factors of 393186?
2, 3, 19, 3449
List the prime factors of 11144956.
2, 131, 21269
What are the prime factors of 2947445?
5, 283, 2083
What are the prime factors of 26185993?
26185993
List the prime factors of 7681526.
2, 937, 4099
List the prime factors of 26842036.
2, 13, 516193
What are the prime factors of 4055223?
3, 73, 18517
What are the prime factors of 285512?
2, 89, 401
List the prime factors of 323049.
3, 257, 419
List the prime factors of 200473.
7, 13, 2203
List the prime factors of 259940.
2, 5, 41, 317
What are the prime factors of 75881?
13, 449
What are the prime factors of 634228?
2, 7, 22651
List the prime factors of 754976.
2, 23593
List the prime factors of 51367.
31, 1657
What are the prime factors of 127069?
31, 4099
What are the prime factors of 381226?
2, 190613
List the prime factors of 1129348.
2, 11, 25667
List the prime factors of 45380.
2, 5, 2269
What are the prime factors of 3862773?
3, 429197
List the prime factors of 73279.
127, 577
List the prime factors of 349614.
2, 3, 19423
List the prime factors of 2216587.
2216587
List the prime factors of 3034.
2, 37, 41
List the prime factors of 65309.
65309
List the prime factors of 864366.
2, 3, 144061
What are the prime factors of 7638719?
11, 467, 1487
What are the prime factors of 1318812?
2, 3, 11, 97, 103
What are the prime factors of 28404462?
2, 3, 601, 7877
What are the prime factors of 246437?
281, 877
What are the prime factors of 25063350?
2, 3, 5, 13, 12853
List the prime factors of 6403300.
2, 5, 64033
What are the prime factors of 1384646?
2, 23, 31, 971
List the prime factors of 651092.
2, 13, 19, 659
List the prime factors of 186857.
11, 16987
List the prime factors of 3799422.
2, 3, 11, 31, 619
What are the prime factors of 14298623?
173, 82651
What are the prime factors of 532334?
2, 11, 24197
What are the prime factors of 4182137?
43, 97259
What are the prime factors of 11085248?
2, 173207
What are the prime factors of 988688?
2, 61, 1013
What are the prime factors of 866833?
11, 78803
List the prime factors of 9101982.
2, 3, 43, 35279
List the prime factors of 22273514.
2, 127, 87691
List the prime factors of 17820552.
2, 3, 113, 6571
List the prime factors of 240.
2, 3, 5
List the prime factors of 886775.
5, 79, 449
List the prime factors of 297459.
3, 23, 479
List the prime factors of 1145351.
439, 2609
List the prime factors of 112259.
7, 29, 79
List the prime factors of 676328.
2, 17, 4973
List the prime factors of 744833.
744833
What are the prime factors of 246190?
2, 5, 7, 3517
List the prime factors of 10045566.
2, 3, 19, 9791
List the prime factors of 5065684.
2, 13, 61, 1597
List the prime factors of 297824.
2, 41, 227
List the prime factors of 9593552.
2, 599597
List the prime factors of 3215476.
2, 11, 73079
List the prime factors of 692751.
3, 37, 79
What are the prime factors of 1158585?
3, 5, 77239
What are the prime factors of 155184?
2, 3, 53, 61
List the prime factors of 222168.
2, 3, 9257
What are the prime factors of 344994?
2, 3, 13, 4423
List the prime factors of 7035158.
2, 13, 270583
What are the prime factors of 12466633?
12466633
What are the prime factors of 1778202?
2, 3, 223, 443
List the prime factors of 6615741.
3, 11, 29, 31, 223
What are the prime factors of 17655346?
2, 113, 78121
List the prime factors of 1267686.
2, 3, 7, 10061
List the prime factors of 946949.
946949
List the prime factors of 1118690.
2, 5, 111869
List the prime factors of 419027.
7, 31, 1931
List the prime factors of 8512580.
2, 5, 17, 25037
List the prime factors of 1660621.
1259, 1319
What are the prime factors of 2311391?
31, 74561
List the prime factors of 393388.
2, 98347
What are the prime factors of 9964863?
3, 43, 2861
What are the prime factors of 173319?
3, 57773
List the prime factors of 116671.
17, 6863
List the prime factors of 62315.
5, 11, 103
List the prime factors of 7854886.
2, 13, 302111
List the prime factors of 220633.
7, 43, 733
List the prime factors of 9806360.
2, 5, 61, 4019
What are the prime factors of 606840?
2, 3, 5, 13, 389
What are the prime factors of 195152?
2, 12197
List the prime factors of 3647017.
11, 331547
What are the prime factors of 427189?
7, 61027
What are the prime factors of 2488123?
11, 20563
What are the prime factors of 1198199?
103, 11633
What are the prime factors of 226460?
2, 5, 13, 67
What are the prime factors of 152084?
2, 193, 197
List the prime factors of 209292.
2, 3, 107, 163
What are the prime factors of 18269685?
3, 5, 7, 19333
What are the prime factors of 2368989?
3, 7, 31, 1213
What are the prime factors of 258139?
7, 36877
What are the prime factors of 50108?
2, 12527
What are the prime factors of 781050?
2, 3, 5, 41, 127
What are the prime factors of 217124?
2, 17, 31, 103
What are the prime factors of 8114017?
643, 12619
What are the prime factors of 3429344?
2, 31, 3457
What are the prime factors of 1580109?
3, 526703
What are the prime factors of 956418?
2, 3, 159403
What are the prime factors of 132711?
3, 31, 1427
List the prime factors of 186635.
5, 163, 229
What are the prime factors of 108676?
2, 101, 269
List the prime factors of 379898.
2, 189949
List the prime factors of 680187.
3, 17, 13337
List the prime factors of 13227207.
3, 7, 17, 67, 79
List the prime factors of 1763.
41, 43
What are the prime factors of 200604?
2, 3, 73, 229
What are the prime factors of 8546778?
2, 3, 37, 41, 313
List the prime factors of 3405868.
2, 461, 1847
List the prime factors of 687217.
23, 29879
What are the prime factors of 553463?
553463
What are the prime factors of 130119?
3, 11, 3943
What are the prime factors of 1154307?
3, 7, 11, 19, 263
What are the prime factors of 262960?
2, 5, 19, 173
What are the prime factors of 22365798?
2, 3, 7, 13, 23, 137
List the prime factors of 505298.
2, 317, 797
What are the prime factors of 3030145?
5, 606029
What are the prime factors of 45811?
61, 751
List the prime factors of 3084847.
3084847
What are the prime factors of 13552978?
2, 17, 191, 2087
List the prime factors of 378381.
3, 126127
What are the prime factors of 545286?
2, 3, 7, 12983
What are the prime factors of 7160130?
2, 3, 5, 23, 1153
List the prime factors of 7025408.
2, 13, 2111
List the prime factors of 57230.
2, 5, 59, 97
List the prime factors of 7219139.
7219139
What are the prime factors of 7410?
2, 3, 5, 13, 19
List the prime factors of 179074.
2, 7, 12791
What are the prime factors of 2197688?
2, 274711
List the prime factors of 26073103.
7, 59, 63131
List the prime factors of 4603771.
67, 68713
What are the prime factors of 316035?
3, 5, 2341
List the prime factors of 4331791.
19, 227989
List the prime factors of 10069145.
5, 19, 83, 1277
What are the prime factors of 83404?
2, 29, 719
List the prime factors of 5647943.
7, 47, 17167
What are the prime factors of 295948?
2, 241, 307
List the prime factors of 2080679.
2080679
List the prime factors of 183902.
2, 91951
List the prime factors of 11855406.
2, 3, 1975901
What are the prime factors of 473224?
2, 149, 397
List the prime factors of 2907461.
59, 49279
List the prime factors of 1277438.
2, 638719
List the prime factors of 1520700.
2, 3, 5, 37, 137
What are the prime factors of 200721?
3, 23, 2909
List the prime factors of 1028463.
3, 342821
List the prime factors of 1102575.
3, 5, 61, 241
What are the prime factors of 656977?
656977
What are the prime factors of 2903995?
5, 673, 863
What are the prime factors of 42780564?
2, 3, 281, 4229
What are the prime factors of 8051529?
3, 1531, 1753
List the prime factor